84 = 11*w. Let t = -66 - w. Calculate the highest common factor of 65 and t.
13
Suppose 0 = f + 2 - 11. What is the highest common divisor of 18 and f?
9
Let p = -12 - -24. What is the highest common divisor of p and 18?
6
Suppose 4*k + 5 = -k. Let s be (-6)/(-4)*(1 - k). Suppose 9 - s = 2*u. Calculate the highest common factor of u and 12.
3
Let l be 2*15/(-12)*-2. Suppose 0*f - 15 = -l*f. What is the highest common factor of 9 and f?
3
Suppose -4*g + 20 = 0, 5*m - 98 = -4*g + 342. What is the greatest common divisor of 12 and m?
12
Let m(v) = v**2 + 6*v. Let z be m(-6). Suppose z = 2*n - 3*g + 1, -4*g + 32 = 5*n. Suppose -n*t + 105 = t. What is the highest common divisor of t and 42?
21
Let g(o) = -o. Let m be g(-3). Suppose 20 = q + m*q. Let i be (2 + -5)/((-3)/25). What is the greatest common divisor of q and i?
5
Suppose 2*i + 3*u - 12 = 0, 0*u - 4*u + 17 = 3*i. Suppose -i*n - 4 + 7 = 0. What is the greatest common factor of 4 and n?
1
Suppose -m + 4*p - 8*p = -24, -5*p - 70 = -5*m. Suppose 3*a + 14 = 5. Let u = -1 - a. What is the highest common factor of u and m?
2
Let g(o) = o**3 - 2*o**2 - 2*o - 3. Let b be g(3). Suppose -k + 26 + 19 = b. What is the greatest common factor of 9 and k?
9
Let x(a) = a**2 + a. Let f be x(-4). What is the highest common divisor of f and 48?
12
Suppose -4*n + n - 5*z + 8 = 0, 2 = 4*n - 2*z. Suppose -x + n = 5. Let c be 3/x - (-31)/4. Calculate the greatest common factor of 21 and c.
7
Let f(n) = -3*n - 25. Let b be f(-13). What is the greatest common divisor of 14 and b?
14
Let f(c) = c**2 + 6*c + 10. Let x be f(-5). What is the highest common divisor of x and 35?
5
Suppose 7 + 3 = -5*l. Let a(n) = -9*n**3 - n**2 + 2. Let s be a(l). What is the highest common divisor of 10 and s?
10
Let k = 12 - 6. Let v be k/4 + 5/10. Suppose 0 = -v*a + 4*a - 84. Calculate the highest common divisor of 7 and a.
7
Suppose -3*q + 52 = -a + 163, 0 = 3*a + 4*q - 268. Let h be (2 - 2) + -1 + 17. What is the greatest common factor of a and h?
16
Let r be (-6)/12 + 33/2. Suppose 2*y = 10 + r. What is the highest common factor of 65 and y?
13
Suppose -2*o - 32 = -6*o. Suppose -o*p + 120 = -3*p. What is the highest common divisor of 3 and p?
3
Suppose -4*m + 0*m = -12. Suppose f - 2*x + 9 = 23, -5*x = -m*f + 41. Let r(k) = -25*k**3 - k**2. Let v be r(-1). What is the highest common divisor of v and f?
12
Let f = 351 - 335. Let c(r) = 49*r**2 - r. Let l be c(1). What is the highest common divisor of f and l?
16
Let v = 4 - 5. Let n = 3 + v. Suppose -2*f - 5*s = -57, -2*f - f - 4*s + 68 = 0. What is the highest common divisor of n and f?
2
Let l(r) = r**2 + 3*r + 2. Let v be l(-5). What is the highest common divisor of 6 and v?
6
Let f(c) = -19*c + 7. Let v be f(-5). Suppose -3*j = -372 + v. Let g(b) = 3*b**2 - b. Let a be g(2). What is the greatest common divisor of j and a?
10
Let t(c) = 2*c + 8. Let u be t(6). What is the greatest common factor of 60 and u?
20
Suppose 3*m - 5*d = -3*d + 31, 5*d + 46 = 3*m. Calculate the greatest common factor of 1 and m.
1
Suppose 3*i - 46 = 2*i. Suppose i + 229 = 5*j. What is the highest common divisor of 5 and j?
5
Let v(z) = 4*z**2 + z. Let w be v(-1). What is the greatest common factor of w and 24?
3
Let m(k) = k**3 + 6*k**2 + 3*k - 5. Let v be m(-5). Let w be (-10)/6*(-3 + 0). Calculate the highest common divisor of w and v.
5
Suppose -u - 109 = -14. Let z = -32 - u. Calculate the greatest common divisor of z and 9.
9
Suppose 3*z + 5*q = -0*z - 13, 0 = -z - 2*q - 6. Let b be (-178)/(-8) - 1/z. Let m be (-128)/(-6) - (-4)/6. What is the greatest common factor of b and m?
22
Suppose -71 = -5*p + 49. What is the greatest common divisor of 192 and p?
24
Suppose -25 - 55 = -4*x. What is the greatest common factor of x and 20?
20
Let r be ((-8)/24)/(1/(-54)). What is the greatest common factor of 2 and r?
2
Let s be 4/(-6) + (-28)/(-6). Suppose -s*d - 3 = -19. Suppose -16 = 5*u - 3*h - 38, -d*u = -2*h - 16. Calculate the greatest common divisor of 22 and u.
2
Suppose 0 = 6*d - 2*d + 2*q - 42, 47 = 4*d - 3*q. Suppose -2*v + 23 + d = 4*y, -5*v + y = -30. Calculate the highest common factor of v and 14.
7
Let d = 6 - -7. Suppose c + 4 = d. Calculate the highest common factor of c and 45.
9
Let b = -30 - -51. Suppose -2*x - 9 = -3*o, 0 = 4*x + 4*o - 3*o + 11. Let d = x + 17. Calculate the greatest common factor of b and d.
7
Suppose k = 9 + 5. Let o = 4 + k. Suppose 0*y + 90 = 2*y. Calculate the greatest common factor of o and y.
9
Let j = 203 + -119. Calculate the greatest common divisor of 42 and j.
42
Let l = 42 - -21. Calculate the greatest common factor of l and 27.
9
Let f(d) = -15*d**3 - d**2. Suppose 2*y = 4*b + 12, 0 = 2*b - 5*b - 5*y + 17. Let j be f(b). Let r = j + -3. What is the highest common divisor of r and 44?
11
Let a be (10/(-1))/(-7 + 5). Suppose 5*i - a*y = -0*i + 140, 4*i = -5*y + 148. Let u = 82 - 34. Calculate the highest common factor of i and u.
16
Suppose -2*k = -4*a + 36, a - 50 = 3*k + 24. Let o be 4/k - 6453/(-117). What is the greatest common divisor of 22 and o?
11
Let m(y) = -6*y**3 - 3*y**2 + y + 2. Let s be m(-2). What is the greatest common factor of 24 and s?
12
Suppose 5*t - 72 = -2*p, -2*t + 3*t = 5*p + 9. Calculate the highest common divisor of t and 98.
14
Let c(o) = -o**3 + 3*o. Let x be c(-3). Calculate the highest common divisor of 2 and x.
2
Suppose 0 = d + 3*j + 2, d - 4*j - 6 = 2*d. Let m = d - -3. Suppose -u = -2*u + 39. Calculate the highest common factor of m and u.
13
Let r = 1451 - 926. Suppose k + r = 6*k. Calculate the greatest common divisor of 21 and k.
21
Suppose 0 = -5*z - 5*m + 115, -12 + 4 = -z - 4*m. What is the greatest common divisor of z and 84?
28
Let x(f) be the first derivative of f**3/3 - 3*f**2/2 - f + 2. Let w be x(3). Let t be w/4 - 50/(-8). Calculate the highest common factor of t and 66.
6
Suppose -2*v = -4*u - 18, -2*v - 2*u = 3 - 51. Calculate the highest common factor of 171 and v.
19
Let f = 6 + 4. Suppose 2*y + 110 = 4*g, -5*y - 130 = -5*g - y. What is the greatest common factor of f and g?
10
Let x(p) = -17*p + 6*p - 14*p. Let t be x(-2). Suppose 0 = 5*b - 3*b - 40. What is the greatest common divisor of t and b?
10
Suppose -6*m + 500 = -m. Suppose -196 = -0*w - 5*w + 2*k, -5*k = 2*w - 90. What is the greatest common divisor of m and w?
20
Let r(x) = -6*x**3 + 2*x**2 + 3*x. Let q be r(-2). Let g(w) = w + 34. Let o be g(-14). Calculate the highest common factor of o and q.
10
Suppose 2*l - 78 - 2 = -4*h, -l + 40 = h. Calculate the highest common factor of 60 and l.
20
Let l(b) = 29*b**3 + 2*b**2 - b. Let w be l(1). What is the greatest common factor of w and 10?
10
Suppose -p - 4*x + 446 = 2*p, -4*p - x = -612. Calculate the greatest common divisor of p and 14.
14
Suppose v + 45 + 11 = 4*y, 3*v + 33 = 3*y. Let o(u) = 5 - 2*u**2 + 3*u - 7*u + 0*u**3 + u**3. Let n be o(5). What is the highest common divisor of y and n?
15
Suppose t - 2*t - 761 = -5*r, -286 = -2*r + 5*t. Suppose r = -0*k + k. Calculate the greatest common factor of 17 and k.
17
Let m = 51 + 19. What is the greatest common factor of m and 14?
14
Let l(p) = -p + 75. Let o be l(0). Calculate the highest common factor of o and 50.
25
Suppose -5 = -3*v + 1. Let m = 6 + v. Let t be ((-8)/(-10))/(1/40). What is the highest common factor of t and m?
8
Let q = -2 - -6. Suppose -p - 8 = -4*o, -q*p + o - 44 = -9*p. What is the highest common divisor of 12 and p?
4
Suppose 5*d + 37 - 112 = 0. Let y be (-6)/d + 17/5. What is the highest common divisor of y and 24?
3
Let m be (-3)/(-1 - 5/(-8)). Suppose m + 4 = 2*t. Let z be 65 + (-1 - 1)/(-2). Calculate the greatest common divisor of t and z.
6
Suppose -16 = -4*d, 2*o - 3*d + 0*d = 198. Suppose 5*i - 3*q = 66, -3*q + 5 + 4 = 0. Calculate the highest common factor of o and i.
15
Let u be (20/(-4))/(0 - 1). Calculate the highest common divisor of 15 and u.
5
Let i be 1*(1 + 0)*2. Let y be 1/i - (-81)/6. Suppose 166 = 2*m + 26. What is the greatest common divisor of y and m?
14
Let o = 0 + -6. Let i be (-87)/(-9) - 2/o. Suppose -4*b - 5*d + 161 = 0, 2*b + i = 5*d + 83. Calculate the greatest common factor of b and 13.
13
Let l = 70 - 42. Let h(a) = -a - 2*a + 2*a + 2. Let q be h(-5). Calculate the greatest common factor o